{"id":159,"date":"2015-08-23T18:28:31","date_gmt":"2015-08-23T16:28:31","guid":{"rendered":"http:\/\/jugendfeuerwehr-westergellersen.de\/wp\/?page_id=159"},"modified":"2016-06-04T22:30:48","modified_gmt":"2016-06-04T20:30:48","slug":"geschichte","status":"publish","type":"page","link":"https:\/\/jugendfeuerwehr-westergellersen.de\/?page_id=159","title":{"rendered":"Geschichte"},"content":{"rendered":"<div id=\"pl-159\"  class=\"panel-layout\" ><div id=\"pg-159-0\"  class=\"panel-grid panel-no-style\" ><div id=\"pgc-159-0-0\"  class=\"panel-grid-cell\" ><div id=\"panel-159-0-0-0\" class=\"so-panel widget widget_black-studio-tinymce widget_black_studio_tinymce panel-first-child panel-last-child\" data-index=\"0\" ><div class=\"textwidget\"><p>Unser Kinderfeuerwehr ist am 05.09.2014 in die Probephase gestartet. Die Idee zur Gr\u00fcndung ein Kinderfeuerwehr hatte unsere damalige Jugendliche Laura Buschmann aus der Jugendfeuerwehr. Die Betreuer der Jugendfeuerwehr gr\u00fcndeten ein Projektteam. Dominique Vogt erkl\u00e4rte sich bereit die Kinderfeuerwehr von nun an zu leiten. \u00a0Nach einem erfolgreichen Start und vielen tollen Diensten wurde unsere Kinderfeuerwehr mit dem Namen \"ABC-Feuerl\u00f6scher\" am 28.06.2015 gegr\u00fcndet. Seit her haben jeden ersten Freitag im Monat unsere rund 20 Kinder mit unserem Betreuerteam ganz viel Spa\u00df. Die ersten beiden Kinder wurden bereits 5 Monate nach Gr\u00fcndung in die Jugendfeuerwehr \u00fcbergeben.<\/p>\n<\/div><\/div><\/div><\/div><\/div>","protected":false},"excerpt":{"rendered":"<div class=\"mh-excerpt\"><p>Unser Kinderfeuerwehr ist am 05.09.2014 in die Probephase gestartet. Die Idee zur Gr\u00fcndung ein Kinderfeuerwehr hatte unsere damalige Jugendliche Laura Buschmann aus der Jugendfeuerwehr. Die <a class=\"mh-excerpt-more\" href=\"https:\/\/jugendfeuerwehr-westergellersen.de\/?page_id=159\" title=\"Geschichte\">[&#8230;]<\/a><\/p>\n<\/div>","protected":false},"author":1,"featured_media":0,"parent":15,"menu_order":1,"comment_status":"closed","ping_status":"closed","template":"","meta":{"spay_email":""},"jetpack_sharing_enabled":true,"jetpack_shortlink":"https:\/\/wp.me\/P7eLU6-2z","jetpack-related-posts":[{"id":165,"url":"https:\/\/jugendfeuerwehr-westergellersen.de\/?page_id=165","url_meta":{"origin":159,"position":0},"title":"Brandus der L\u00f6schdrache","date":"23. August 2015","format":false,"excerpt":"Hallo ich bin der kleine BrandusHallo liebe Eltern und liebe Kinder,ich bin ein kleiner Drache und wenn ich gro\u00df bin, dann m\u00f6chte ich L\u00f6schdrache werden. Deswegen bin ich auch schon in die Kinderfeuerwehr Westergellersen eingetreten und habe dort schon gaaaa....nz viele Freunde kennen gelernt. Die wollen auch alle L\u00f6schdrachen werden.\u2026","rel":"","context":"\u00c4hnlicher Beitrag","img":{"alt_text":"","src":"","width":0,"height":0},"classes":[]},{"id":347,"url":"https:\/\/jugendfeuerwehr-westergellersen.de\/?page_id=347","url_meta":{"origin":159,"position":1},"title":"Was ist Kinderfeuerwehr?","date":"4. Juni 2016","format":false,"excerpt":"Die Kinderfeuerwehr ist f\u00fcr feuerwehrinteressierte Kinder im Alter zwischen 6-10 Jahren gedacht. Sie soll den Kindern die M\u00f6glichkeit bieten, die Feuerwehr kennen zulernen, Gemeinschaft und Teamarbeit in Aktionen mit Spa\u00df und Spiel zu erleben.Zu den Aufgaben und Ziele einer Kinderfeuerwehr\u00a0geh\u00f6ren unter anderem:F\u00f6rderung von\u201eFachkompetenzen\u201cNotruf 112Verhalten im BrandfallVerhalten bei Gefahr (allgemein)Feuerwehr allgemein\u00a0Umgang\u2026","rel":"","context":"\u00c4hnlicher Beitrag","img":{"alt_text":"","src":"","width":0,"height":0},"classes":[]},{"id":167,"url":"https:\/\/jugendfeuerwehr-westergellersen.de\/?page_id=167","url_meta":{"origin":159,"position":2},"title":"Dienstplan","date":"23. August 2015","format":false,"excerpt":"Dienstplan der Kinderfeuerwehr PDF-Download \u00a0 Januar 08.01.2016 Fit for Fun (Sporthalle) oder Schlittenfahren Domi Februar 05.02.2016 Vorbereitung Kinderfasching Tara Februar 06.02.2016 Kinderfasching \u00a0 Domi M\u00e4rz 04.03.2016 Erste Hilfe Christian April 15.04.2016 Raus aus dem Feuerwehrhaus Laura Mai 13.05.2016 Experimente mit \u00d6l und Feuer Julia Juni 03.06.2016 Sommerabschluss Domi August 05.08.2016\u2026","rel":"","context":"\u00c4hnlicher Beitrag","img":{"alt_text":"","src":"","width":0,"height":0},"classes":[]},{"id":15,"url":"https:\/\/jugendfeuerwehr-westergellersen.de\/?page_id=15","url_meta":{"origin":159,"position":3},"title":"Die Kinderfeuerwehr","date":"20. Juli 2015","format":false,"excerpt":"","rel":"","context":"\u00c4hnlicher Beitrag","img":{"alt_text":"","src":"","width":0,"height":0},"classes":[]},{"id":163,"url":"https:\/\/jugendfeuerwehr-westergellersen.de\/?page_id=163","url_meta":{"origin":159,"position":4},"title":"Das Betreuerteam","date":"23. August 2015","format":false,"excerpt":"Brandus der L\u00f6schdrache \u00a0- Chef\u00a0\u00a0Dominique Vogt - Kinderfeuerwehrwartin\u00a0Christian Reiter - stellvertretender Kinderfeuerwehrwart(Foto wird noch nachgereicht)\u00a0Branka Lavicka - Betreuerin\u00a0(Foto wird noch nachgereicht)\u00a0Laura Buschmann - Betreuerin(Foto wird noch nachgereicht)\u00a0Julia Dreyer - Betreuerin\u00a0(Foto wird noch nachgereicht)","rel":"","context":"\u00c4hnlicher Beitrag","img":{"alt_text":"","src":"https:\/\/i0.wp.com\/jugendfeuerwehr-westergellersen.de\/wp\/wp-content\/uploads\/2015\/08\/Dominique-300x225.jpg?resize=350%2C200","width":350,"height":200},"classes":[]},{"id":197,"url":"https:\/\/jugendfeuerwehr-westergellersen.de\/?page_id=197","url_meta":{"origin":159,"position":5},"title":"Der Sicherheitstag","date":"3. September 2015","format":false,"excerpt":"Sicherheitstag bei der Jugendfeuerwehr WestergellersenWestergellersen. Ein\u00a0Jahr Organisation und Vorbereitung lag hinter\u00a0Jugendfeuerwehrwart Christian Vorbringer und seinem engagiertem Betreuerteam. So konnte der erste Sicherheitstag der Jugendfeuerwehr Westergellersen am 13.09.2014 stattfinden. Das Gel\u00e4nde an der Twiete, dankenswerter Weise von der Familie Putensen zur Verf\u00fcgung gestellt, bot den richtigen Rahmen, in dem sich Hilfsorganisationen\u2026","rel":"","context":"\u00c4hnlicher Beitrag","img":{"alt_text":"","src":"https:\/\/i0.wp.com\/jugendfeuerwehr-westergellersen.de\/images\/content\/Kinderfeuerwehr\/KuppelkontestHomepage.gif?resize=350%2C200","width":350,"height":200},"classes":[]}],"_links":{"self":[{"href":"https:\/\/jugendfeuerwehr-westergellersen.de\/index.php?rest_route=\/wp\/v2\/pages\/159"}],"collection":[{"href":"https:\/\/jugendfeuerwehr-westergellersen.de\/index.php?rest_route=\/wp\/v2\/pages"}],"about":[{"href":"https:\/\/jugendfeuerwehr-westergellersen.de\/index.php?rest_route=\/wp\/v2\/types\/page"}],"author":[{"embeddable":true,"href":"https:\/\/jugendfeuerwehr-westergellersen.de\/index.php?rest_route=\/wp\/v2\/users\/1"}],"replies":[{"embeddable":true,"href":"https:\/\/jugendfeuerwehr-westergellersen.de\/index.php?rest_route=%2Fwp%2Fv2%2Fcomments&post=159"}],"version-history":[{"count":4,"href":"https:\/\/jugendfeuerwehr-westergellersen.de\/index.php?rest_route=\/wp\/v2\/pages\/159\/revisions"}],"predecessor-version":[{"id":364,"href":"https:\/\/jugendfeuerwehr-westergellersen.de\/index.php?rest_route=\/wp\/v2\/pages\/159\/revisions\/364"}],"up":[{"embeddable":true,"href":"https:\/\/jugendfeuerwehr-westergellersen.de\/index.php?rest_route=\/wp\/v2\/pages\/15"}],"wp:attachment":[{"href":"https:\/\/jugendfeuerwehr-westergellersen.de\/index.php?rest_route=%2Fwp%2Fv2%2Fmedia&parent=159"}],"curies":[{"name":"wp","href":"https:\/\/api.w.org\/{rel}","templated":true}]}}