{"id":65,"date":"2015-08-16T17:16:31","date_gmt":"2015-08-16T15:16:31","guid":{"rendered":"http:\/\/jugendfeuerwehr-westergellersen.de\/wp\/?page_id=65"},"modified":"2015-09-03T11:08:26","modified_gmt":"2015-09-03T09:08:26","slug":"partnerjugendfeuerwehren","status":"publish","type":"page","link":"https:\/\/jugendfeuerwehr-westergellersen.de\/?page_id=65","title":{"rendered":"Partnerjugendfeuerwehren"},"content":{"rendered":"<div id=\"pl-65\"  class=\"panel-layout\" ><div id=\"pg-65-0\"  class=\"panel-grid panel-no-style\" ><div id=\"pgc-65-0-0\"  class=\"panel-grid-cell\" ><div id=\"panel-65-0-0-0\" class=\"so-panel widget widget_black-studio-tinymce widget_black_studio_tinymce panel-first-child panel-last-child\" data-index=\"0\" ><div class=\"textwidget\"><p><strong>Ausleben<br \/><\/strong><br \/>Die Gemeinde Ausleben mit ihren vier Ortsteilen (Ausleben, Ottleben, Warsleben und \u00dcplingen) befindet sich in der Magdeburger B\u00f6rde in der N\u00e4he der Stadt Oschersleben in Sachsen-Anhalt.<br \/>Die Partnerschaft entstand im Jahre 2010 durch\u00a0unseren ehemaligen Jugendfeuerwehrwart\u00a0Bj\u00f6rn Ollik.\u00a0Seit diesem Zeitpunkt finden regelm\u00e4\u00dfig gemeinsame Seminarwochenenden, Ausfahrten oder auch Wettbewerbe statt.\u00a0\u00a0<br \/>Hier geht es zur Internetseite der\u00a0Jugendfeuerwehr Ausleben:<br \/><a href=\"http:\/\/www.feuerwehr-ausleben.de\/seite\/29146\/jugendfeuerwehr.html\" target=\"_blank\">JF Ausleben<\/a> <\/p>\n<p><strong>Hamburg Billstedt-Horn<br \/><\/strong>Die Partnerschaft begann im Jahre 2010 durch den ehemaligen Jugendfeuerwehrwart der Jugendfeuerwehr Hamburg Billstedt-Horn Bj\u00f6rn Ollik der nach Westergellersen gezogen war und in der Feuerwehr Westergellersen die Jugendfeuerwehr \u00fcbernahm. Seit dem finden die Seminarwochenende zwischen den Jf\u00b4n Ausleben, Hamburg Billstedt-Horn und uns statt.<\/p>\n<p><img src=\"https:\/\/i0.wp.com\/jugendfeuerwehr-westergellersen.de\/images\/content\/Billstedt.jpg?resize=500%2C185\" alt=\"\" width=\"500\" height=\"185\" data-recalc-dims=\"1\" \/><\/p>\n<p>Hier geht es zur Internetseite der Jugendfeuerwehr Billstedt-Horn:<br \/><a href=\"http:\/\/www.jf-billstedt-horn.de\/\">JF Billstedt-Horn<\/a><\/p>\n<p><strong>Kemnade-Bodenwerder<br \/><\/strong><br \/>Seit 2011<\/p>\n<p>Die M\u00fcnchhausenstadt Bodenwerder liegt im s\u00fcdlichen Niedersachesen. Bodenwerder liegt an der Weser und ist bekannt durch die Geschichten des weltbekannten Baron von M\u00fcnchhausen (L\u00fcgenbaron).<br \/>Die Partnerschaft \u00a0entstand durch unsere Kinderfeuerwehrwartin Dominique Vogt und unseren stellv. Jugendwart Sascha Vogt, die aus beruflichen Gr\u00fcnden aus Bodenwerder ins sch\u00f6ne Westergellersen gezogen sind. Beide haben ihre Feuerwehrkarriere in der JF Kemnade-Bodenwerder begonnen und sind bis heute Mitglieder der Feuerwehr Bodenwerder.<\/p>\n<p><img src=\"https:\/\/i0.wp.com\/jugendfeuerwehr-westergellersen.de\/images\/content\/fuhrpark_gross.jpg?resize=600%2C241\" alt=\"\" width=\"600\" height=\"241\" data-recalc-dims=\"1\" \/><\/p>\n<p>Hier geht es zur\u00a0Internetseite der Jugendfeuerwehr Kemnade-Bodenwerder:<br \/><a href=\"http:\/\/www.ff-bodenwerder.de\/\">JF Bodenwerder<\/a><\/p>\n<\/div><\/div><\/div><\/div><\/div>","protected":false},"excerpt":{"rendered":"<div class=\"mh-excerpt\"><p>AuslebenDie Gemeinde Ausleben mit ihren vier Ortsteilen (Ausleben, Ottleben, Warsleben und \u00dcplingen) befindet sich in der Magdeburger B\u00f6rde in der N\u00e4he der Stadt Oschersleben in <a class=\"mh-excerpt-more\" href=\"https:\/\/jugendfeuerwehr-westergellersen.de\/?page_id=65\" title=\"Partnerjugendfeuerwehren\">[&#8230;]<\/a><\/p>\n<\/div>","protected":false},"author":1,"featured_media":0,"parent":13,"menu_order":4,"comment_status":"closed","ping_status":"closed","template":"","meta":{"spay_email":""},"jetpack_sharing_enabled":true,"jetpack_shortlink":"https:\/\/wp.me\/P7eLU6-13","jetpack-related-posts":[{"id":59,"url":"https:\/\/jugendfeuerwehr-westergellersen.de\/?page_id=59","url_meta":{"origin":65,"position":0},"title":"Was ist Jugendfeuerwehr?","date":"16. August 2015","format":false,"excerpt":"Die Jugendfeuerwehr Westergellersen findet sich jeden Freitag (au\u00dfer in den Ferien) zusammen. Aber was macht man eigentlich bei einer Jugendfeuerwehr?? Ein Jugendfeuerwehrdienst bei uns, kann fast alles bieten.Ein gro\u00dfer Teil unserer Dienste ist nat\u00fcrlich der Bereich der Feuerwehrtechnik.Eine der Grundaufgaben bei der Feuerwehr ist der L\u00f6schangriff. Die \u00dcbung zeigt den\u2026","rel":"","context":"\u00c4hnlicher Beitrag","img":{"alt_text":"","src":"https:\/\/i0.wp.com\/jugendfeuerwehr-westergellersen.de\/images\/content\/Bilder12\/JF-Dienst\/Unbenannt.JPG?resize=350%2C200","width":350,"height":200},"classes":[]},{"id":48,"url":"https:\/\/jugendfeuerwehr-westergellersen.de\/?page_id=48","url_meta":{"origin":65,"position":1},"title":"Geschichte","date":"16. August 2015","format":false,"excerpt":"Geschichte der Jugendfeuerwehr WestergellersenDie Jugendfeuerwehr Westergellersen wurde anl\u00e4sslich des 100-j\u00e4hrigen Bestehens der Freiwilligen Feuerwehr Westergellersen ins Leben gerufen. Der Anfang war von einigen Startschwierigkeiten begleitet. So fehlte es vor allem an R\u00e4umlichkeiten und sanit\u00e4ren Anlagen. Aus diesen Gr\u00fcnden wurde die Bildung einer Jugendfeuerwehr im Ort immer wieder verschoben. Mit dem\u2026","rel":"","context":"\u00c4hnlicher Beitrag","img":{"alt_text":"Grndungsfoto","src":"https:\/\/i0.wp.com\/jugendfeuerwehr-westergellersen.de\/wp\/wp-content\/uploads\/2015\/08\/Grndungsfoto.png?resize=350%2C200","width":350,"height":200},"classes":[]},{"id":5,"url":"https:\/\/jugendfeuerwehr-westergellersen.de\/","url_meta":{"origin":65,"position":2},"title":"Willkommen","date":"20. Juli 2015","format":false,"excerpt":"Jugend- und Kinderfeuerwehr Westergellersen jf_wg [Tannenbaumeinsammeln 2022 f\u00e4llt aus] Wie auch i 1.Platz beim Orientierungsmarsch der Jugendfeuerwe Auch in den letzten 2 Wochen war es nicht ruhig be Passend zur M\u00fcllsammelaktion hat unser Jugendwart M\u00fcllsammelaktion bei der Jugendfeuerwehr Westerge #njfknipst #Jugendfeuerwehr #Jugendfeuerwehrwest #njfknipst \ud83d\udcf8@sascha_vogt112 feuerwehr #Jugend #njfknipst #njfknipst \ud83d\udcf8@sascha_vogt112 #feuerwehr\u2026","rel":"","context":"\u00c4hnlicher Beitrag","img":{"alt_text":"","src":"https:\/\/i0.wp.com\/jugendfeuerwehr-westergellersen.de\/wp\/wp-content\/uploads\/2016\/09\/1.jpg?fit=1200%2C848&ssl=1&resize=350%2C200","width":350,"height":200},"classes":[]},{"id":197,"url":"https:\/\/jugendfeuerwehr-westergellersen.de\/?page_id=197","url_meta":{"origin":65,"position":3},"title":"Der Sicherheitstag","date":"3. September 2015","format":false,"excerpt":"Sicherheitstag bei der Jugendfeuerwehr WestergellersenWestergellersen. Ein\u00a0Jahr Organisation und Vorbereitung lag hinter\u00a0Jugendfeuerwehrwart Christian Vorbringer und seinem engagiertem Betreuerteam. So konnte der erste Sicherheitstag der Jugendfeuerwehr Westergellersen am 13.09.2014 stattfinden. Das Gel\u00e4nde an der Twiete, dankenswerter Weise von der Familie Putensen zur Verf\u00fcgung gestellt, bot den richtigen Rahmen, in dem sich Hilfsorganisationen\u2026","rel":"","context":"\u00c4hnlicher Beitrag","img":{"alt_text":"","src":"https:\/\/i0.wp.com\/jugendfeuerwehr-westergellersen.de\/images\/content\/Kinderfeuerwehr\/KuppelkontestHomepage.gif?resize=350%2C200","width":350,"height":200},"classes":[]},{"id":159,"url":"https:\/\/jugendfeuerwehr-westergellersen.de\/?page_id=159","url_meta":{"origin":65,"position":4},"title":"Geschichte","date":"23. August 2015","format":false,"excerpt":"Unser Kinderfeuerwehr ist am 05.09.2014 in die Probephase gestartet. Die Idee zur Gr\u00fcndung ein Kinderfeuerwehr hatte unsere damalige Jugendliche Laura Buschmann aus der Jugendfeuerwehr. Die Betreuer der Jugendfeuerwehr gr\u00fcndeten ein Projektteam. Dominique Vogt erkl\u00e4rte sich bereit die Kinderfeuerwehr von nun an zu leiten. \u00a0Nach einem erfolgreichen Start und vielen tollen\u2026","rel":"","context":"\u00c4hnlicher Beitrag","img":{"alt_text":"","src":"","width":0,"height":0},"classes":[]},{"id":165,"url":"https:\/\/jugendfeuerwehr-westergellersen.de\/?page_id=165","url_meta":{"origin":65,"position":5},"title":"Brandus der L\u00f6schdrache","date":"23. August 2015","format":false,"excerpt":"Hallo ich bin der kleine BrandusHallo liebe Eltern und liebe Kinder,ich bin ein kleiner Drache und wenn ich gro\u00df bin, dann m\u00f6chte ich L\u00f6schdrache werden. Deswegen bin ich auch schon in die Kinderfeuerwehr Westergellersen eingetreten und habe dort schon gaaaa....nz viele Freunde kennen gelernt. Die wollen auch alle L\u00f6schdrachen werden.\u2026","rel":"","context":"\u00c4hnlicher Beitrag","img":{"alt_text":"","src":"","width":0,"height":0},"classes":[]}],"_links":{"self":[{"href":"https:\/\/jugendfeuerwehr-westergellersen.de\/index.php?rest_route=\/wp\/v2\/pages\/65"}],"collection":[{"href":"https:\/\/jugendfeuerwehr-westergellersen.de\/index.php?rest_route=\/wp\/v2\/pages"}],"about":[{"href":"https:\/\/jugendfeuerwehr-westergellersen.de\/index.php?rest_route=\/wp\/v2\/types\/page"}],"author":[{"embeddable":true,"href":"https:\/\/jugendfeuerwehr-westergellersen.de\/index.php?rest_route=\/wp\/v2\/users\/1"}],"replies":[{"embeddable":true,"href":"https:\/\/jugendfeuerwehr-westergellersen.de\/index.php?rest_route=%2Fwp%2Fv2%2Fcomments&post=65"}],"version-history":[{"count":1,"href":"https:\/\/jugendfeuerwehr-westergellersen.de\/index.php?rest_route=\/wp\/v2\/pages\/65\/revisions"}],"predecessor-version":[{"id":66,"href":"https:\/\/jugendfeuerwehr-westergellersen.de\/index.php?rest_route=\/wp\/v2\/pages\/65\/revisions\/66"}],"up":[{"embeddable":true,"href":"https:\/\/jugendfeuerwehr-westergellersen.de\/index.php?rest_route=\/wp\/v2\/pages\/13"}],"wp:attachment":[{"href":"https:\/\/jugendfeuerwehr-westergellersen.de\/index.php?rest_route=%2Fwp%2Fv2%2Fmedia&parent=65"}],"curies":[{"name":"wp","href":"https:\/\/api.w.org\/{rel}","templated":true}]}}